{"id":1072,"date":"2016-04-20T12:00:54","date_gmt":"2016-04-20T10:00:54","guid":{"rendered":"http:\/\/www.not-tarnow.pl\/?page_id=1072"},"modified":"2023-02-17T12:28:01","modified_gmt":"2023-02-17T11:28:01","slug":"wynajem-sali-narad","status":"publish","type":"page","link":"https:\/\/www.not-tarnow.pl\/index.php\/wynajem-4\/wynajem-sali-narad\/","title":{"rendered":"Wynajem Sali Narad"},"content":{"rendered":"<p>Do wynaj\u0119cia:<\/p>\n<p><strong>Sala Narad <\/strong>&#8211; II pi\u0119tro, sala 223<\/p>\n<p>Kameralna sala o pow. 30 m2 na spotkania do 14 os\u00f3b.<\/p>\n<p>Sala wyposa\u017cona w ekran.<\/p>\n<p>Mo\u017cliwo\u015b\u0107 zam\u00f3wienia cateringu (restauracja na parterze budynku).<\/p>\n<p>Widok z okien: strona p\u00f3\u0142nocna \u2013 tarnowski Rynek i Ratusz.<\/p>\n<p><img decoding=\"async\" loading=\"lazy\" class=\"aligncenter size-large wp-image-3624\" src=\"http:\/\/www.not-tarnow.pl\/wp-content\/uploads\/2023\/02\/20230217_114823-643x1024.jpg\" alt=\"\" width=\"643\" height=\"1024\" srcset=\"https:\/\/www.not-tarnow.pl\/wp-content\/uploads\/2023\/02\/20230217_114823-643x1024.jpg 643w, https:\/\/www.not-tarnow.pl\/wp-content\/uploads\/2023\/02\/20230217_114823-188x300.jpg 188w, https:\/\/www.not-tarnow.pl\/wp-content\/uploads\/2023\/02\/20230217_114823-768x1223.jpg 768w, https:\/\/www.not-tarnow.pl\/wp-content\/uploads\/2023\/02\/20230217_114823-965x1536.jpg 965w, https:\/\/www.not-tarnow.pl\/wp-content\/uploads\/2023\/02\/20230217_114823-1286x2048.jpg 1286w, https:\/\/www.not-tarnow.pl\/wp-content\/uploads\/2023\/02\/20230217_114823-scaled.jpg 1608w\" sizes=\"(max-width: 643px) 100vw, 643px\" \/><\/p>\n","protected":false},"excerpt":{"rendered":"<p>Do wynaj\u0119cia: Sala Narad &#8211; II pi\u0119tro, sala 223 Kameralna sala o pow. 30 m2 na spotkania do 14 os\u00f3b.<\/p>\n","protected":false},"author":1,"featured_media":0,"parent":934,"menu_order":0,"comment_status":"open","ping_status":"closed","template":"","meta":{"footnotes":""},"_links":{"self":[{"href":"https:\/\/www.not-tarnow.pl\/index.php\/wp-json\/wp\/v2\/pages\/1072"}],"collection":[{"href":"https:\/\/www.not-tarnow.pl\/index.php\/wp-json\/wp\/v2\/pages"}],"about":[{"href":"https:\/\/www.not-tarnow.pl\/index.php\/wp-json\/wp\/v2\/types\/page"}],"author":[{"embeddable":true,"href":"https:\/\/www.not-tarnow.pl\/index.php\/wp-json\/wp\/v2\/users\/1"}],"replies":[{"embeddable":true,"href":"https:\/\/www.not-tarnow.pl\/index.php\/wp-json\/wp\/v2\/comments?post=1072"}],"version-history":[{"count":6,"href":"https:\/\/www.not-tarnow.pl\/index.php\/wp-json\/wp\/v2\/pages\/1072\/revisions"}],"predecessor-version":[{"id":3625,"href":"https:\/\/www.not-tarnow.pl\/index.php\/wp-json\/wp\/v2\/pages\/1072\/revisions\/3625"}],"up":[{"embeddable":true,"href":"https:\/\/www.not-tarnow.pl\/index.php\/wp-json\/wp\/v2\/pages\/934"}],"wp:attachment":[{"href":"https:\/\/www.not-tarnow.pl\/index.php\/wp-json\/wp\/v2\/media?parent=1072"}],"curies":[{"name":"wp","href":"https:\/\/api.w.org\/{rel}","templated":true}]}}

<p>Do wynajęcia:</p>
<p><strong>Sala Narad </strong>&#8211; II piętro, sala 223</p>
<p>Kameralna sala o pow. 30 m2 na spotkania do 14 osób.</p>
<p>Sala wyposażona w ekran.</p>
<p>Możliwość zamówienia cateringu (restauracja na parterze budynku).</p>
<p>Widok z okien: strona północna – tarnowski Rynek i Ratusz.</p>
<p><img decoding="async" loading="lazy" class="aligncenter size-large wp-image-3624" src="http://www.not-tarnow.pl/wp-content/uploads/2023/02/20230217_114823-643x1024.jpg" alt="" width="643" height="1024" srcset="https://www.not-tarnow.pl/wp-content/uploads/2023/02/20230217_114823-643x1024.jpg 643w, https://www.not-tarnow.pl/wp-content/uploads/2023/02/20230217_114823-188x300.jpg 188w, https://www.not-tarnow.pl/wp-content/uploads/2023/02/20230217_114823-768x1223.jpg 768w, https://www.not-tarnow.pl/wp-content/uploads/2023/02/20230217_114823-965x1536.jpg 965w, https://www.not-tarnow.pl/wp-content/uploads/2023/02/20230217_114823-1286x2048.jpg 1286w, https://www.not-tarnow.pl/wp-content/uploads/2023/02/20230217_114823-scaled.jpg 1608w" sizes="(max-width: 643px) 100vw, 643px" /></p>

<p>Do wynajęcia: Sala Narad &#8211; II piętro, sala 223 Kameralna sala o pow. 30 m2 na spotkania do 14 osób.</p>
