{"id":1854,"date":"2019-09-27T14:22:01","date_gmt":"2019-09-27T12:22:01","guid":{"rendered":"http:\/\/www.not-tarnow.pl\/?page_id=1854"},"modified":"2019-11-20T12:59:06","modified_gmt":"2019-11-20T11:59:06","slug":"wystawa-80-rocznica-wybuchu-ii-wojny-swiatowej","status":"publish","type":"page","link":"https:\/\/www.not-tarnow.pl\/index.php\/wystawy\/wystawa-80-rocznica-wybuchu-ii-wojny-swiatowej\/","title":{"rendered":"Wystawa &#8222;80. Rocznica Wybuchu II Wojny \u015awiatowej&#8221;"},"content":{"rendered":"<p><img decoding=\"async\" loading=\"lazy\" class=\"wp-image-1796 alignleft\" src=\"http:\/\/www.not-tarnow.pl\/wp-content\/uploads\/2019\/08\/wystawa-80rocznica-plakat-725x1024.jpg\" sizes=\"(max-width: 406px) 100vw, 406px\" srcset=\"http:\/\/www.not-tarnow.pl\/wp-content\/uploads\/2019\/08\/wystawa-80rocznica-plakat-725x1024.jpg 725w, http:\/\/www.not-tarnow.pl\/wp-content\/uploads\/2019\/08\/wystawa-80rocznica-plakat-212x300.jpg 212w, http:\/\/www.not-tarnow.pl\/wp-content\/uploads\/2019\/08\/wystawa-80rocznica-plakat-768x1085.jpg 768w, http:\/\/www.not-tarnow.pl\/wp-content\/uploads\/2019\/08\/wystawa-80rocznica-plakat.jpg 1241w\" alt=\"\" width=\"406\" height=\"573\" \/>Zapraszamy cz\u0142onk\u00f3w stowarzysze\u0144 naukowo-technicznych, uczni\u00f3w oraz wszystkich zainteresowanych na <strong>Wystaw\u0119 z okazji 80. Rocznicy Wybuchu II Wojny \u015awiatowej <\/strong>w Domu Technika NOT w Tarnowie.<\/p>\n<p>Uroczyste otwarcie wystawy po\u0142\u0105czone z konferencj\u0105 naukowo-techniczno-historyczn\u0105 odby\u0142o si\u0119 <strong>28 sierpnia 2019 r. (\u015broda) o godz. 16.30<\/strong> w Domu Technika NOT w Tarnowie, Rynek 10, sala 222.<\/p>\n<p>Program konferencji:<\/p>\n<ol>\n<li>Otwarcie Konferencji \u2013 mgr in\u017c. Renata \u0141ab\u0119d\u017a, Prezes Zarz\u0105du Rady FSNT NOT w Tarnowie.<\/li>\n<li><strong><em>\u201eWojna zacz\u0119\u0142a si\u0119 w Tarnowie\u201d<\/em><\/strong> <em>\u2013 Sytuacja polityczna w Europie przed rokiem 1939 i przygotowania do wojny, wa\u017cniejsze bitwy z Niemcami i Sowietami w kampanii wrze\u015bniowej, deportacje ludno\u015bci polskiej, Katy\u0144, tarnowscy \u017co\u0142nierze wrze\u015bnia <\/em>\u2013 Les\u0142aw \u015awi\u0119tochowski, Prezes Oddzia\u0142u SIMP w Tarnowie<\/li>\n<li><strong><em>\u201eBohater niejedno ma imi\u0119\u201d <\/em><\/strong>\u2013 dr Eliza Krzy\u0144ska-Nawrocka, PWSZ w Tarnowie<\/li>\n<li><strong><em>\u201ePor\u00f3wnanie stanu uzbrojenia Armii polskiej, Armii niemieckiej \u2013 Wehrmachtu i Armii ZSRR w kampanii wrze\u015bniowej, kawaleria polska, u\u0142ani\u201d <\/em><\/strong>\u2013 Les\u0142aw \u015awi\u0119tochowski, Prezes Oddzia\u0142u SIMP w Tarnowie.<\/li>\n<li>Zwiedzanie Wystawy.<\/li>\n<\/ol>\n<hr \/>\n<p>&nbsp;<\/p>\n<p style=\"text-align: center;\"><strong>Wystawa fotograficzna <em>\u201e80\u2013ta Rocznica Wybuchu II Wojny \u015awiatowej <\/em><em>\u2013 przygotowania, pierwsze dni walki, represje, por\u00f3wnanie techniki i stanu uzbrojenia armii\u201d\u00a0<\/em><\/strong><\/p>\n<p><img decoding=\"async\" loading=\"lazy\" class=\"fancybox-image aligncenter\" src=\"https:\/\/tarnow.pl\/var\/ezwebin_site\/storage\/images\/7\/5\/3\/6\/1296357-1-pol-PL\/TPL_7212.jpg\" width=\"651\" height=\"433\" \/><\/p>\n<p>Wystawa fotograficzna powsta\u0142a w celu upami\u0119tnienia 80. rocznicy wybuchu II Wojny \u015awiatowej 1939 \u2013 1945 r. Ekspozycja sk\u0142ada si\u0119 z segment\u00f3w tematycznych na pierwszym i drugim pi\u0119trze Domu Technika Federacji Stowarzysze\u0144 Naukowo Technicznych \u2013 NOT w Tarnowie. Dotycz\u0105 one mi\u0119dzy innymi, sytuacji w Europie i zabieg\u00f3w dyplomatycznych w celu unikni\u0119cia wojny. Tutaj mowa o ministrze spraw zagranicznych \u00f3wczesnej Polski, pu\u0142kowniku J\u00f3zefie Becku. Plansze wskazuj\u0105 na pakty i uk\u0142ady pokojowe z Wielk\u0105 Brytani\u0105, Francj\u0105 i Rumuni\u0105. Pokazano r\u00f3wnie\u017c manewry Wojska Polskiego latem 1939 r. Nast\u0119pnie na poszczeg\u00f3lnych planszach w segmentach tematycznych przedstawiono odezwy do mieszka\u0144c\u00f3w i wojska w przeddzie\u0144 wybuchu wojny jak i pierwszych jej dni. Pokazano r\u00f3wnie\u017c pierwsze atakowane miasta 1 wrze\u015bnia 1939 roku, w tym poprzedzaj\u0105cy 1 wrze\u015bnia zamach bombowy dokonany przez dywersanta na dworcu kolejowym w Tarnowie 28 sierpnia 1939 roku oraz prowokacj\u0119 niemieck\u0105 na radiostacj\u0119 w Gliwicach. Jest Wielu\u0144, Westerplatte i Warszawa. Na pierwszym pi\u0119trze pokazano r\u00f3wnie\u017c wa\u017cniejsze bitwy i potyczki Polak\u00f3w w kampanii wrze\u015bniowej z Niemcami i Sowietami. \u00a0Wspominamy zdradziecki atak \u201eCios w plecy\u201d od wschodu 17 wrze\u015bnia 1939 r. deportacje i przesiedlenia ludno\u015bci Polskiej w g\u0142\u0105b Rosji i Katy\u0144. Nie bez znaczenia pozostaje udzia\u0142 w wojnie obronnej 1939 r. 5 Pu\u0142ku Strzelc\u00f3w Konnych i 16 Pu\u0142ku Piechoty z Tarnowa. Na drugim pi\u0119trze wystawa prezentuje pierwsze dni wojny w Tarnowie, a nast\u0119pnie uzbrojenie Wojska Polskiego w 1939 r. Na tablicach znajduj\u0105 si\u0119 te\u017c por\u00f3wnania uzbrojenia Armii Polskiej, Niemieckiej \u2013 Wehrmachtu\u00a0 i Radzieckiej Armii Czerwonej. W szczeg\u00f3lno\u015bci broni palnej, artylerii, czo\u0142g\u00f3w, samolot\u00f3w i okr\u0119t\u00f3w. Na zako\u0144czenie prezentujemy jazd\u0119 polsk\u0105, kawaleri\u0119, u\u0142an\u00f3w i konie, kt\u00f3re im wiernie i dzielnie s\u0142u\u017cy\u0142y oraz wybrane postaci \u017co\u0142nierzy, oficer\u00f3w, genera\u0142\u00f3w wojska polskiego, a pochodz\u0105cych z Tarnowa i ziemi tarnowskiej.<\/p>\n<p>Charakter tej wystawy najlepiej oddaj\u0105 s\u0142owa umieszczone na jednej z plansz tytu\u0142owych jednego z segment\u00f3w tematycznych: HONOR, ODWAGA, M\u0118STWO, HEROIZM, WALECZNO\u015a\u0106, BOHATERSTWO. Wi\u0105\u017ce si\u0119 to z poczuciem obowi\u0105zku Obrony Ojczyzny i uczuciami Wierno\u015bci i Mi\u0142o\u015bci do Ojczyzny oraz obowi\u0105zkiem jej obrony, nawet za cen\u0119 w\u0142asnego \u017cycia.<\/p>\n<p>Starali\u015bmy si\u0119, aby wystawa by\u0142a przypomnieniem tamtych pierwszych dni kampanii obronnej we wrze\u015bniu 1939 r. i r\u00f3wnie\u017c lekcj\u0105 historii, st\u0105d bogate opisy do poszczeg\u00f3lnych plansz tematycznych. \u0141\u0105cznie przedstawiono 150 plansz z prawie 500 zdj\u0119ciami.<\/p>\n<p>W zamy\u015ble pragniemy, aby ta wystawa sta\u0142a si\u0119 r\u00f3wnie\u017c pomoc\u0105 w lekcjach historii dla tych wszystkich m\u0142odych ludzi, kt\u00f3rzy tutaj przyjd\u0105 sami lub ze swoimi nauczycielami czy rodzicami i zechc\u0105 t\u0119 wystaw\u0119 obejrze\u0107, a dla nas doros\u0142ych, aby by\u0142o to przypomnienie zapewne dobrze nam znanych wiadomo\u015bci i fakt\u00f3w z tamtych dni. My doro\u015bli musimy piel\u0119gnowa\u0107 te warto\u015bci, kt\u00f3re nam przekazali nasi dziadkowie, rodzice, nauczyciele i patrioci. \u00a0\u00a0I opr\u00f3cz nauczycieli historii my r\u00f3wnie\u017c nie tylko, \u017ce powinni\u015bmy, ale mamy obowi\u0105zek to robi\u0107. I to w\u0142a\u015bnie czynimy t\u0105 wystaw\u0105 i t\u0105 Konferencj\u0105 naukowo\u2013historyczno\u2013techniczn\u0105.<\/p>\n<p>Oddajemy pami\u0119\u0107, ho\u0142d i szacunek ludziom, a byli w\u015br\u00f3d nich r\u00f3wnie\u017c cz\u0142onkowie \u00f3wczesnych stowarzysze\u0144 naukowo \u2013 technicznych, kt\u00f3rzy w obronie Ojczyzny po\u0142o\u017cyli na szali to co mieli najcenniejsze \u2013 \u017cycie. Oddajemy r\u00f3wnie\u017c ho\u0142d wszystkim niewinnym ofiarom cywilnym tamtych dni.<\/p>\n<p>Zapraszamy do odwiedzenia Domu Technika NOT w Tarnowie i obejrzenia wystawy.<\/p>\n<p><em>&#8211; Les\u0142aw\u00a0 \u015awi\u0119tochowski (Sekretarz Zarz\u0105du NOT w Tarnowie, Prezes Oddzia\u0142u SIMP w Tarnowie)<\/em><\/p>\n<hr \/>\n<p style=\"text-align: center;\"><em>W imieniu organizator\u00f3w dzi\u0119kujemy bardzo za tak liczne przybycie na konferencj\u0119 i <strong>otwarcie wystawy z okazji 80. rocznicy wybuchu II wojny \u015bwiatowej w budynku NOT Tarn\u00f3w<\/strong> dn. 28.VIII.2019 r.<\/em><\/p>\n<p><em><img decoding=\"async\" loading=\"lazy\" class=\"wp-image-1807 aligncenter\" src=\"http:\/\/www.not-tarnow.pl\/wp-content\/uploads\/2019\/08\/SDC12599-683x1024.jpg\" sizes=\"(max-width: 379px) 100vw, 379px\" srcset=\"http:\/\/www.not-tarnow.pl\/wp-content\/uploads\/2019\/08\/SDC12599-683x1024.jpg 683w, http:\/\/www.not-tarnow.pl\/wp-content\/uploads\/2019\/08\/SDC12599-200x300.jpg 200w, http:\/\/www.not-tarnow.pl\/wp-content\/uploads\/2019\/08\/SDC12599-768x1152.jpg 768w\" alt=\"\" width=\"379\" height=\"568\" \/><\/em><img decoding=\"async\" loading=\"lazy\" class=\"aligncenter wp-image-1806\" src=\"http:\/\/www.not-tarnow.pl\/wp-content\/uploads\/2019\/08\/SDC12589-1024x683.jpg\" sizes=\"(max-width: 605px) 100vw, 605px\" srcset=\"http:\/\/www.not-tarnow.pl\/wp-content\/uploads\/2019\/08\/SDC12589-1024x683.jpg 1024w, http:\/\/www.not-tarnow.pl\/wp-content\/uploads\/2019\/08\/SDC12589-300x200.jpg 300w, http:\/\/www.not-tarnow.pl\/wp-content\/uploads\/2019\/08\/SDC12589-768x512.jpg 768w\" alt=\"\" width=\"605\" height=\"404\" \/><img decoding=\"async\" loading=\"lazy\" class=\"aligncenter wp-image-1808\" src=\"http:\/\/www.not-tarnow.pl\/wp-content\/uploads\/2019\/08\/SDC12607-1024x683.jpg\" sizes=\"(max-width: 605px) 100vw, 605px\" srcset=\"http:\/\/www.not-tarnow.pl\/wp-content\/uploads\/2019\/08\/SDC12607-1024x683.jpg 1024w, http:\/\/www.not-tarnow.pl\/wp-content\/uploads\/2019\/08\/SDC12607-300x200.jpg 300w, http:\/\/www.not-tarnow.pl\/wp-content\/uploads\/2019\/08\/SDC12607-768x512.jpg 768w\" alt=\"\" width=\"605\" height=\"404\" \/> <img decoding=\"async\" loading=\"lazy\" class=\"aligncenter wp-image-1809\" src=\"http:\/\/www.not-tarnow.pl\/wp-content\/uploads\/2019\/08\/SDC12611-1024x683.jpg\" sizes=\"(max-width: 606px) 100vw, 606px\" srcset=\"http:\/\/www.not-tarnow.pl\/wp-content\/uploads\/2019\/08\/SDC12611-1024x683.jpg 1024w, http:\/\/www.not-tarnow.pl\/wp-content\/uploads\/2019\/08\/SDC12611-300x200.jpg 300w, http:\/\/www.not-tarnow.pl\/wp-content\/uploads\/2019\/08\/SDC12611-768x512.jpg 768w\" alt=\"\" width=\"606\" height=\"404\" \/> <img decoding=\"async\" loading=\"lazy\" class=\"aligncenter wp-image-1810\" src=\"http:\/\/www.not-tarnow.pl\/wp-content\/uploads\/2019\/08\/SDC12617-1024x683.jpg\" sizes=\"(max-width: 605px) 100vw, 605px\" srcset=\"http:\/\/www.not-tarnow.pl\/wp-content\/uploads\/2019\/08\/SDC12617-1024x683.jpg 1024w, http:\/\/www.not-tarnow.pl\/wp-content\/uploads\/2019\/08\/SDC12617-300x200.jpg 300w, http:\/\/www.not-tarnow.pl\/wp-content\/uploads\/2019\/08\/SDC12617-768x512.jpg 768w\" alt=\"\" width=\"605\" height=\"404\" \/> <img decoding=\"async\" loading=\"lazy\" class=\"aligncenter wp-image-1811\" src=\"http:\/\/www.not-tarnow.pl\/wp-content\/uploads\/2019\/08\/SDC12620-1024x683.jpg\" sizes=\"(max-width: 604px) 100vw, 604px\" srcset=\"http:\/\/www.not-tarnow.pl\/wp-content\/uploads\/2019\/08\/SDC12620-1024x683.jpg 1024w, http:\/\/www.not-tarnow.pl\/wp-content\/uploads\/2019\/08\/SDC12620-300x200.jpg 300w, http:\/\/www.not-tarnow.pl\/wp-content\/uploads\/2019\/08\/SDC12620-768x512.jpg 768w\" alt=\"\" width=\"604\" height=\"403\" \/><\/p>\n<p>Relacje fotograficzne:<\/p>\n<p><a href=\"https:\/\/tarnow.pl\/Dla-mieszkancow\/Galerie-zdjec\/Miasto\/Galeria-Miasto-2019\/Konferencja-i-otwarcie-wystawy-z-okazji-80.-rocznicy-wybuchu-II-wojny-swiatowej\">https:\/\/tarnow.pl\/Dla-mieszkancow\/Galerie-zdjec\/Miasto\/Galeria-Miasto-2019\/Konferencja-i-otwarcie-wystawy-z-okazji-80.-rocznicy-wybuchu-II-wojny-swiatowej<\/a><\/p>\n<p><a href=\"http:\/\/www.niezaleznyserwiskadr.com.pl\">http:\/\/www.niezaleznyserwiskadr.com.pl<\/a><\/p>\n<p>oraz na naszym &gt;&gt;\u00a0 <a href=\"https:\/\/www.facebook.com\/NOTTarnow\/?modal=admin_todo_tour\">facebooku<\/a><\/p>\n<p><em>W sekretariacie NOT (pok. 114) dla zainteresowanych dost\u0119pny jest <strong>Album z wystawy<\/strong> na CD, zawieraj\u0105cy zdj\u0119cia wszystkich plansz (format pdf).<\/em><\/p>\n<hr \/>\n<p><img decoding=\"async\" loading=\"lazy\" class=\"wp-image-1798 alignleft\" src=\"http:\/\/www.not-tarnow.pl\/wp-content\/uploads\/2019\/08\/Patronat-Prezydenta-Tarnowa-718x1024.jpg\" sizes=\"(max-width: 218px) 100vw, 218px\" srcset=\"http:\/\/www.not-tarnow.pl\/wp-content\/uploads\/2019\/08\/Patronat-Prezydenta-Tarnowa-718x1024.jpg 718w, http:\/\/www.not-tarnow.pl\/wp-content\/uploads\/2019\/08\/Patronat-Prezydenta-Tarnowa-210x300.jpg 210w, http:\/\/www.not-tarnow.pl\/wp-content\/uploads\/2019\/08\/Patronat-Prezydenta-Tarnowa-768x1095.jpg 768w\" alt=\"\" width=\"218\" height=\"311\" \/><strong>Wystawa pod Patronatem Honorowym Romana Ciepieli Prezydenta Tarnowa<\/strong>.<\/p>\n<p>Projekt jako zadanie publiczne jest wsp\u00f3\u0142finansowany z bud\u017cetu Miasta Tarnowa:<br \/>\n\u2013 Ca\u0142kowity koszt zadania: 10.446,00 z\u0142;<br \/>\n\u2013 Wysoko\u015b\u0107 otrzymanej dotacji: 5.806,00 z\u0142;<br \/>\n\u2013 Udzia\u0142 kwoty dotacji w ca\u0142kowitych kosztach zadania: 55,58%.<\/p>\n<p><a href=\"http:\/\/tarnow.pl\"><img decoding=\"async\" loading=\"lazy\" class=\"wp-image-1800 alignleft\" src=\"http:\/\/www.not-tarnow.pl\/wp-content\/uploads\/2019\/08\/projekt-wspolfinansowany-1024x382.jpg\" sizes=\"(max-width: 169px) 100vw, 169px\" srcset=\"http:\/\/www.not-tarnow.pl\/wp-content\/uploads\/2019\/08\/projekt-wspolfinansowany-1024x382.jpg 1024w, http:\/\/www.not-tarnow.pl\/wp-content\/uploads\/2019\/08\/projekt-wspolfinansowany-300x112.jpg 300w, http:\/\/www.not-tarnow.pl\/wp-content\/uploads\/2019\/08\/projekt-wspolfinansowany-768x286.jpg 768w\" alt=\"\" width=\"169\" height=\"63\" \/><\/a><a href=\"http:\/\/kultura.tarnow.pl\"><img decoding=\"async\" loading=\"lazy\" class=\"wp-image-1799 alignleft\" src=\"http:\/\/www.not-tarnow.pl\/wp-content\/uploads\/2019\/08\/logo-kultura-tarn\u00f3w-1024x546.jpg\" sizes=\"(max-width: 117px) 100vw, 117px\" srcset=\"http:\/\/www.not-tarnow.pl\/wp-content\/uploads\/2019\/08\/logo-kultura-tarn\u00f3w-1024x546.jpg 1024w, http:\/\/www.not-tarnow.pl\/wp-content\/uploads\/2019\/08\/logo-kultura-tarn\u00f3w-300x160.jpg 300w, http:\/\/www.not-tarnow.pl\/wp-content\/uploads\/2019\/08\/logo-kultura-tarn\u00f3w-768x410.jpg 768w\" alt=\"\" width=\"117\" height=\"63\" \/> <\/a><\/p>\n<p>&nbsp;<\/p>\n<p><img decoding=\"async\" loading=\"lazy\" class=\"aligncenter size-large wp-image-1968\" src=\"http:\/\/www.not-tarnow.pl\/wp-content\/uploads\/2019\/11\/broszurka_wystawa_1-1024x723.jpg\" alt=\"\" width=\"1024\" height=\"723\" srcset=\"https:\/\/www.not-tarnow.pl\/wp-content\/uploads\/2019\/11\/broszurka_wystawa_1-1024x723.jpg 1024w, https:\/\/www.not-tarnow.pl\/wp-content\/uploads\/2019\/11\/broszurka_wystawa_1-300x212.jpg 300w, https:\/\/www.not-tarnow.pl\/wp-content\/uploads\/2019\/11\/broszurka_wystawa_1-768x543.jpg 768w\" sizes=\"(max-width: 1024px) 100vw, 1024px\" \/> <img decoding=\"async\" loading=\"lazy\" class=\"aligncenter size-large wp-image-1969\" src=\"http:\/\/www.not-tarnow.pl\/wp-content\/uploads\/2019\/11\/broszurka_wystawa_2-1024x723.jpg\" alt=\"\" width=\"1024\" height=\"723\" srcset=\"https:\/\/www.not-tarnow.pl\/wp-content\/uploads\/2019\/11\/broszurka_wystawa_2-1024x723.jpg 1024w, https:\/\/www.not-tarnow.pl\/wp-content\/uploads\/2019\/11\/broszurka_wystawa_2-300x212.jpg 300w, https:\/\/www.not-tarnow.pl\/wp-content\/uploads\/2019\/11\/broszurka_wystawa_2-768x542.jpg 768w\" sizes=\"(max-width: 1024px) 100vw, 1024px\" \/><\/p>\n","protected":false},"excerpt":{"rendered":"<p>Zapraszamy cz\u0142onk\u00f3w stowarzysze\u0144 naukowo-technicznych, uczni\u00f3w oraz wszystkich zainteresowanych na Wystaw\u0119 z okazji 80. Rocznicy Wybuchu II Wojny \u015awiatowej w Domu<\/p>\n","protected":false},"author":1,"featured_media":0,"parent":948,"menu_order":0,"comment_status":"closed","ping_status":"closed","template":"","meta":{"footnotes":""},"_links":{"self":[{"href":"https:\/\/www.not-tarnow.pl\/index.php\/wp-json\/wp\/v2\/pages\/1854"}],"collection":[{"href":"https:\/\/www.not-tarnow.pl\/index.php\/wp-json\/wp\/v2\/pages"}],"about":[{"href":"https:\/\/www.not-tarnow.pl\/index.php\/wp-json\/wp\/v2\/types\/page"}],"author":[{"embeddable":true,"href":"https:\/\/www.not-tarnow.pl\/index.php\/wp-json\/wp\/v2\/users\/1"}],"replies":[{"embeddable":true,"href":"https:\/\/www.not-tarnow.pl\/index.php\/wp-json\/wp\/v2\/comments?post=1854"}],"version-history":[{"count":8,"href":"https:\/\/www.not-tarnow.pl\/index.php\/wp-json\/wp\/v2\/pages\/1854\/revisions"}],"predecessor-version":[{"id":1970,"href":"https:\/\/www.not-tarnow.pl\/index.php\/wp-json\/wp\/v2\/pages\/1854\/revisions\/1970"}],"up":[{"embeddable":true,"href":"https:\/\/www.not-tarnow.pl\/index.php\/wp-json\/wp\/v2\/pages\/948"}],"wp:attachment":[{"href":"https:\/\/www.not-tarnow.pl\/index.php\/wp-json\/wp\/v2\/media?parent=1854"}],"curies":[{"name":"wp","href":"https:\/\/api.w.org\/{rel}","templated":true}]}}