{"id":2055,"date":"2020-02-25T15:40:02","date_gmt":"2020-02-25T14:40:02","guid":{"rendered":"http:\/\/www.not-tarnow.pl\/?page_id=2055"},"modified":"2020-04-08T13:41:01","modified_gmt":"2020-04-08T11:41:01","slug":"szkolenie-instalatora-oze","status":"publish","type":"page","link":"https:\/\/www.not-tarnow.pl\/index.php\/szkolenie-instalatora-oze\/","title":{"rendered":"Szkolenie instalatora OZE"},"content":{"rendered":"<p style=\"text-align: center;\"><span style=\"color: #ff0000;\">Z powodu epidemii szkolenie odwo\u0142ane!!!<\/span><\/p>\n<p style=\"text-align: center;\"><strong>Szkolenie z zakresu autoryzowanego instalatora OZE<\/strong><\/p>\n<p style=\"text-align: center;\"><strong>z mo\u017cliwo\u015bci\u0105 uzyskania certyfikatu UDT<br \/>\n<\/strong><\/p>\n<p style=\"text-align: center;\"><strong>&#8211; specjalno\u015b\u0107 <\/strong><strong>systemy fotowoltaiczne <\/strong><\/p>\n<p>Szkolenie organizowane przez autoryzowany o\u015brodek szkoleniowy Urz\u0119du Dozoru Technicznego O.K. O\u015brodek Kurs\u00f3w<\/p>\n<p><strong><u>Harmonogram szkolenia: <\/u><\/strong><\/p>\n<table width=\"600\">\n<tbody>\n<tr>\n<td width=\"6%\"><strong>Lp. <\/strong><\/td>\n<td width=\"33%\"><strong>Data <\/strong><\/td>\n<td width=\"23%\"><strong>Godziny zaj\u0119\u0107 <\/strong><\/td>\n<td width=\"34%\"><strong>Miejsce szkolenia <\/strong><\/td>\n<\/tr>\n<tr>\n<td width=\"6%\"><strong>1 <\/strong><\/td>\n<td width=\"33%\">16.04.2020 r. (czwartek)<\/td>\n<td width=\"23%\">9:00 &#8211; 17:00<\/td>\n<td width=\"34%\">Tarn\u00f3w<\/td>\n<\/tr>\n<tr>\n<td width=\"6%\"><strong>2 <\/strong><\/td>\n<td width=\"33%\">17.04.2020 r. (pi\u0105tek)<\/td>\n<td width=\"23%\">8:00 &#8211; 16:00<\/td>\n<td width=\"34%\">Tarn\u00f3w<\/td>\n<\/tr>\n<\/tbody>\n<\/table>\n<p><strong><u>Program szkolenia: <\/u><\/strong><\/p>\n<ol>\n<li>Zagadnienia og\u00f3lne. Podstawy stosowania system\u00f3w fotowoltaicznych;<\/li>\n<li>Podstawowe w\u0142a\u015bciwo\u015bci fizyczne i zasady dzia\u0142ania system\u00f3w fotowoltaicznych;<\/li>\n<li>Zasady doboru system\u00f3w fotowoltaicznych;<\/li>\n<li>Monta\u017c i regulacja instalacji systemu fotowoltaicznego;<\/li>\n<li>Czynno\u015bci zwi\u0105zane z modernizacj\u0105 i utrzymaniem system\u00f3w fotowoltaicznych.<\/li>\n<\/ol>\n<p><strong>Cena szkolenia brutto: 1499,00 z\u0142 <\/strong><\/p>\n<p><strong>UWAGA! Cz\u0142onkowie stowarzysze\u0144 technicznych 100 z\u0142 rabatu!<\/strong><\/p>\n<p>W przypadku zg\u0142oszenia powy\u017cej 1 osoby cena podlega negocjacjom!<\/p>\n<p>Wi\u0119cej informacji na stronie <a href=\"https:\/\/ok-kursy.com\/index.php\/szkolenie-z-zakresu-autoryzowanego-instalatora-oze\/\">ok-kursy.com<\/a>\u00a0lub <a href=\"http:\/\/ok-oze.pl\/\">ok-oze.pl<\/a><\/p>\n<p>Warunkiem uczestnictwa w szkoleniu jest wype\u0142nienie\u00a0formularza\u00a0oraz wp\u0142ata na konto:<\/p>\n<p>ALIOR Bank<br \/>\nO.K. O\u015brodek Kurs\u00f3w, 84-200<br \/>\nWejherowo, ul.Sobieskiego 217,<br \/>\nRachunek Bankowy:\u00a066 2490 0005 0000 4500 2721 3704<\/p>\n<p>W TYTULE PRZELEWU PROSZ\u0118 PODA\u0106 IMI\u0118 I NAZWISKO UCZESTNIKA \u2013 SZKOLENIE<br \/>\nUZUPE\u0141NIONY <a href=\"http:\/\/www.not-tarnow.pl\/wp-content\/uploads\/2020\/02\/Formularz-systemy-fotowoltaiczne-16-17.04.2020.doc\">FORMULARZ ZG\u0141OSZENIOWY<\/a> NALE\u017bY PRZES\u0141A\u0106 MAILEM NA ADRES:\u00a0szkolenia@ok-oze.pl<\/p>\n<p>lub faksem na nr\u00a0(58) 672 44 04<\/p>\n<p><strong><u>Cena obejmuje: <\/u><\/strong><\/p>\n<ul>\n<li>udzia\u0142 w zaj\u0119ciach dydaktycznych;<\/li>\n<\/ul>\n<ul>\n<li>certyfikat potwierdzaj\u0105cy uczestnictwo w szkoleniu, materia\u0142y szkoleniowe;<\/li>\n<li>dost\u0119p do konsultacji podczas szkolenia i po jego zako\u0144czeniu;<\/li>\n<li>us\u0142ug\u0119 cateringow\u0105 (dwie przerwy kawowe oraz lunch w ci\u0105gu dnia).<\/li>\n<\/ul>\n<p>&nbsp;<\/p>\n<p><u>Osoby do kontaktu: <\/u><\/p>\n<p>Monika Mathea kom. 502 424\u00a0888, e-mail: <a href=\"mailto:szkolenia@ok-oze.pl\">szkolenia@ok-oze.pl <\/a><\/p>\n<p>Edmund Kwidzi\u0144ski kom. 605 765\u00a0135<\/p>\n","protected":false},"excerpt":{"rendered":"<p>Z powodu epidemii szkolenie odwo\u0142ane!!! Szkolenie z zakresu autoryzowanego instalatora OZE z mo\u017cliwo\u015bci\u0105 uzyskania certyfikatu UDT &#8211; specjalno\u015b\u0107 systemy fotowoltaiczne<\/p>\n","protected":false},"author":1,"featured_media":0,"parent":0,"menu_order":0,"comment_status":"closed","ping_status":"closed","template":"","meta":{"footnotes":""},"_links":{"self":[{"href":"https:\/\/www.not-tarnow.pl\/index.php\/wp-json\/wp\/v2\/pages\/2055"}],"collection":[{"href":"https:\/\/www.not-tarnow.pl\/index.php\/wp-json\/wp\/v2\/pages"}],"about":[{"href":"https:\/\/www.not-tarnow.pl\/index.php\/wp-json\/wp\/v2\/types\/page"}],"author":[{"embeddable":true,"href":"https:\/\/www.not-tarnow.pl\/index.php\/wp-json\/wp\/v2\/users\/1"}],"replies":[{"embeddable":true,"href":"https:\/\/www.not-tarnow.pl\/index.php\/wp-json\/wp\/v2\/comments?post=2055"}],"version-history":[{"count":2,"href":"https:\/\/www.not-tarnow.pl\/index.php\/wp-json\/wp\/v2\/pages\/2055\/revisions"}],"predecessor-version":[{"id":2098,"href":"https:\/\/www.not-tarnow.pl\/index.php\/wp-json\/wp\/v2\/pages\/2055\/revisions\/2098"}],"wp:attachment":[{"href":"https:\/\/www.not-tarnow.pl\/index.php\/wp-json\/wp\/v2\/media?parent=2055"}],"curies":[{"name":"wp","href":"https:\/\/api.w.org\/{rel}","templated":true}]}}