{"id":62,"date":"2013-01-24T22:14:12","date_gmt":"2013-01-24T21:14:12","guid":{"rendered":"http:\/\/www.not-tarnow.pl\/?page_id=62"},"modified":"2016-03-21T12:48:05","modified_gmt":"2016-03-21T11:48:05","slug":"rozwoj-energetyczny-gmin-w-zgodzie-z-natura-relacja-z-konferencji","status":"publish","type":"page","link":"https:\/\/www.not-tarnow.pl\/index.php\/konferencje-i-szkolenia\/rozwoj-energetyczny-gmin-w-zgodzie-z-natura-relacja-z-konferencji\/","title":{"rendered":"\u201dRozw\u00f3j Energetyczny Gmin w Zgodzie z Natur\u0105\u201d &#8211; relacja z konferencji."},"content":{"rendered":"<p>W dniu 7.07.2011 w siedzibie NOT w Tarnowie Rynek 10 odby\u0142a si\u0119 konferencja podsumowuj\u0105ca realizacj\u0119\u00a0 projektu \u201dRozw\u00f3j Energetyczny Gmin w Zgodzie z Natur\u0105\u201d w Ma\u0142opolsce\u00a0 i Podkarpaciu. Projekt realizowanych by\u0142 przez Naczeln\u0105 Organizacj\u0119 Techniczn\u0105 w Tarnowie, we wsp\u00f3\u0142pracy z koordynatorem krajowym : Fundacj\u0105 Poszanowania Energii w Gda\u0144sku.<\/p>\n<p>Podczas konferencji om\u00f3wione zosta\u0142y tematy dotycz\u0105ce nowej ustawy o efektywno\u015bci energetycznej oraz\u00a0\u00a0 zmian w prawie energetycznym dostosowuj\u0105cych to prawo do wymog\u00f3w ustawy o efektywno\u015bci\u00a0 energetycznej. Om\u00f3wiono min. nowe obowi\u0105zki samorz\u0105d\u00f3w wyp\u0142ywaj\u0105ce z tych regulacji prawnych oraz\u00a0 \u00a0\u00a0mo\u017cliwo\u015bci i zasady pozyskiwania \u015bwiadectw efektywno\u015bci energetycznej stanowi\u0105cych nowy mechanizm wsparcia dla inwestor\u00f3w poprawiaj\u0105cych efektywno\u015b\u0107 energetyczn\u0105 oraz inwestuj\u0105cych w OZE.<\/p>\n<p>W ramach realizacji projektu \u201dRozw\u00f3j Energetyczny Gmin w Zgodzie z Natur\u0105\u201d wykonano\u00a0\u00a0 plany za\u0142o\u017ce\u0144 zaopatrzenia w energi\u0119 ciepln\u0105 elektryczna oraz paliwa gazowe\u00a0 dla gmin Wojnicz oraz D\u0105browa Tarnowska. Ponadto wykonano 23 wytyczne rozwoju energii odnawialnej dla gmin:<\/p>\n<p>Wszystkie te opracowania by\u0142y w 100% finansowane z funduszy norweskich i EOG dlatego gminy otrzyma\u0142y je bezp\u0142atnie.<\/p>\n<p>W przestawionych prezentacjach om\u00f3wiono szczeg\u00f3\u0142y realizacji tych plan\u00f3w podkre\u015blaj\u0105c ich zgodno\u015b\u0107\u00a0 zar\u00f3wno<br \/>\nz znowelizowan\u0105 ustaw\u0105 prawo energetyczne jak i now\u0105 ustaw\u0105 o efektywno\u015bci energetycznej.<\/p>\n<p>W toku dyskusji udzielono odpowiedzi na dodatkowe pytania m.in. dotycz\u0105ce mo\u017cliwo\u015bci wykorzystania geotermii w bilansie energetycznym gmin. Warto tu wspomnie\u0107 \u017ce temat geotermii by\u0142 omawiany szczeg\u00f3\u0142owo na poprzedniej konferencji\u00a0 projektu \u201dRozw\u00f3j Energetyczny Gmin w Zgodzie z Natur\u0105\u201d, kt\u00f3ra odby\u0142a si\u0119 w NOT Tarn\u00f3w w styczniu br.<\/p>\n<p>Dalsze tematy konferencji dotyczy\u0142y:<\/p>\n<ol>\n<li>Ustawy o efektywno\u015bci energetycznej. Om\u00f3wione zosta\u0142y nowe i obowi\u0105zki samorz\u0105d\u00f3w wynikaj\u0105ce z tej ustawy.<\/li>\n<li>Funduszy norweskich i EOG. Przestawiono zar\u00f3wno podsumowanie dotychczasowego przebiegu realizacji program\u00f3w\u00a0 finansowanych z tych funduszy oraz wnioski wynikaj\u0105ce z do\u015bwiadcze\u0144 poprzedniego naboru. Om\u00f3wiono te\u017c za\u0142o\u017cenia nowej perspektywy finansowania z funduszy norweskich i EOG na lata 2009-2014.<\/li>\n<li>Do\u015bwiadczenia kraj\u00f3w wysoko rozwini\u0119tych w zakresie wdra\u017cania efektywno\u015bci energetycznej na przyk\u0142adach\u00a0 miejscowo\u015bci Drammen w Norwegii oraz Mi\u0119dzynarodowej Agencji Energii (IEA-SCH) oraz jej zadania nr 37 Termomodernizacja<br \/>\nz wykorzystaniem energii s\u0142onecznej realizowanego w Niemczech, W\u0142oszech.<\/li>\n<\/ol>\n<p>Zobacz <a href=\"http:\/\/www.not-tarnow.pl\/wp-content\/uploads\/2013\/01\/Rozwoj_Energetyczny_Gmin\/index.html\">foto relacj\u0119 ze spotkania<\/a> .<\/p>\n<p>&nbsp;<\/p>\n","protected":false},"excerpt":{"rendered":"<p>W dniu 7.07.2011 w siedzibie NOT w Tarnowie Rynek 10 odby\u0142a si\u0119 konferencja podsumowuj\u0105ca realizacj\u0119\u00a0 projektu \u201dRozw\u00f3j Energetyczny Gmin w<\/p>\n","protected":false},"author":1,"featured_media":0,"parent":21,"menu_order":0,"comment_status":"open","ping_status":"closed","template":"","meta":{"footnotes":""},"_links":{"self":[{"href":"https:\/\/www.not-tarnow.pl\/index.php\/wp-json\/wp\/v2\/pages\/62"}],"collection":[{"href":"https:\/\/www.not-tarnow.pl\/index.php\/wp-json\/wp\/v2\/pages"}],"about":[{"href":"https:\/\/www.not-tarnow.pl\/index.php\/wp-json\/wp\/v2\/types\/page"}],"author":[{"embeddable":true,"href":"https:\/\/www.not-tarnow.pl\/index.php\/wp-json\/wp\/v2\/users\/1"}],"replies":[{"embeddable":true,"href":"https:\/\/www.not-tarnow.pl\/index.php\/wp-json\/wp\/v2\/comments?post=62"}],"version-history":[{"count":29,"href":"https:\/\/www.not-tarnow.pl\/index.php\/wp-json\/wp\/v2\/pages\/62\/revisions"}],"predecessor-version":[{"id":947,"href":"https:\/\/www.not-tarnow.pl\/index.php\/wp-json\/wp\/v2\/pages\/62\/revisions\/947"}],"up":[{"embeddable":true,"href":"https:\/\/www.not-tarnow.pl\/index.php\/wp-json\/wp\/v2\/pages\/21"}],"wp:attachment":[{"href":"https:\/\/www.not-tarnow.pl\/index.php\/wp-json\/wp\/v2\/media?parent=62"}],"curies":[{"name":"wp","href":"https:\/\/api.w.org\/{rel}","templated":true}]}}