{"id":942,"date":"2016-03-21T12:45:18","date_gmt":"2016-03-21T11:45:18","guid":{"rendered":"http:\/\/www.not-tarnow.pl\/?page_id=942"},"modified":"2023-02-17T12:52:33","modified_gmt":"2023-02-17T11:52:33","slug":"wynajem-sali-konferencyjnej","status":"publish","type":"page","link":"https:\/\/www.not-tarnow.pl\/index.php\/wynajem-4\/wynajem-sali-konferencyjnej\/","title":{"rendered":"Wynajem Sali Konferencyjnej"},"content":{"rendered":"<p>Do wynaj\u0119cia:<\/p>\n<p><strong>Sala konferencyjna im. Henryka Ziemnickiego <\/strong>&#8211; II pi\u0119tro, sala 222<\/p>\n<p>sala o pow. 88 m2 na\u00a0 32 osoby + dodatkowe krzes\u0142a<\/p>\n<p>Sala wyposa\u017cona w ekran, rzutnik, nag\u0142o\u015bnienie i m\u00f3wnic\u0119.<\/p>\n<p>Sala klimatyzowana.<\/p>\n<p>Informacje: tel. 14-630-01-72, e-mail: <a href=\"mailto:sekretariat@not-tarnow.pl\">sekretariat@not-tarnow.pl<\/a><\/p>\n<p>&nbsp;<\/p>\n<p>Mo\u017cliwo\u015b\u0107 zam\u00f3wienia cateringu &#8211; restauracja na parterze budynku.<\/p>\n<p>Widok z okien:<\/p>\n<p>&#8211; strona p\u00f3\u0142nocna &#8211; tarnowski Rynek i Ratusz,<\/p>\n<p>&#8211; strona po\u0142udniowa &#8211; G\u00f3ra \u015aw. Marcina \/Pog\u00f3rze Karpackie<\/p>\n<p><img decoding=\"async\" loading=\"lazy\" class=\"aligncenter size-large wp-image-3626\" src=\"http:\/\/www.not-tarnow.pl\/wp-content\/uploads\/2023\/02\/20230216_125151-1024x576.jpg\" alt=\"\" width=\"800\" height=\"450\" srcset=\"https:\/\/www.not-tarnow.pl\/wp-content\/uploads\/2023\/02\/20230216_125151-1024x576.jpg 1024w, https:\/\/www.not-tarnow.pl\/wp-content\/uploads\/2023\/02\/20230216_125151-300x169.jpg 300w, https:\/\/www.not-tarnow.pl\/wp-content\/uploads\/2023\/02\/20230216_125151-768x432.jpg 768w, https:\/\/www.not-tarnow.pl\/wp-content\/uploads\/2023\/02\/20230216_125151-1536x864.jpg 1536w, https:\/\/www.not-tarnow.pl\/wp-content\/uploads\/2023\/02\/20230216_125151-2048x1152.jpg 2048w\" sizes=\"(max-width: 800px) 100vw, 800px\" \/> <img decoding=\"async\" loading=\"lazy\" class=\"aligncenter size-large wp-image-3627\" src=\"http:\/\/www.not-tarnow.pl\/wp-content\/uploads\/2023\/02\/20230216_125224-1024x576.jpg\" alt=\"\" width=\"800\" height=\"450\" srcset=\"https:\/\/www.not-tarnow.pl\/wp-content\/uploads\/2023\/02\/20230216_125224-1024x576.jpg 1024w, https:\/\/www.not-tarnow.pl\/wp-content\/uploads\/2023\/02\/20230216_125224-300x169.jpg 300w, https:\/\/www.not-tarnow.pl\/wp-content\/uploads\/2023\/02\/20230216_125224-768x432.jpg 768w, https:\/\/www.not-tarnow.pl\/wp-content\/uploads\/2023\/02\/20230216_125224-1536x864.jpg 1536w, https:\/\/www.not-tarnow.pl\/wp-content\/uploads\/2023\/02\/20230216_125224-2048x1152.jpg 2048w\" sizes=\"(max-width: 800px) 100vw, 800px\" \/> <img decoding=\"async\" loading=\"lazy\" class=\"aligncenter size-large wp-image-3628\" src=\"http:\/\/www.not-tarnow.pl\/wp-content\/uploads\/2023\/02\/20230216_125344-1024x576.jpg\" alt=\"\" width=\"800\" height=\"450\" srcset=\"https:\/\/www.not-tarnow.pl\/wp-content\/uploads\/2023\/02\/20230216_125344-1024x576.jpg 1024w, https:\/\/www.not-tarnow.pl\/wp-content\/uploads\/2023\/02\/20230216_125344-300x169.jpg 300w, https:\/\/www.not-tarnow.pl\/wp-content\/uploads\/2023\/02\/20230216_125344-768x432.jpg 768w, https:\/\/www.not-tarnow.pl\/wp-content\/uploads\/2023\/02\/20230216_125344-1536x864.jpg 1536w, https:\/\/www.not-tarnow.pl\/wp-content\/uploads\/2023\/02\/20230216_125344-2048x1152.jpg 2048w\" sizes=\"(max-width: 800px) 100vw, 800px\" \/><\/p>\n<p>&nbsp;<\/p>\n<p style=\"text-align: center;\">Widok z okna:<\/p>\n<p><img decoding=\"async\" loading=\"lazy\" class=\"aligncenter size-large wp-image-2714\" src=\"http:\/\/www.not-tarnow.pl\/wp-content\/uploads\/2021\/10\/20211005_150351-1024x576.jpg\" alt=\"\" width=\"1024\" height=\"576\" srcset=\"https:\/\/www.not-tarnow.pl\/wp-content\/uploads\/2021\/10\/20211005_150351-1024x576.jpg 1024w, https:\/\/www.not-tarnow.pl\/wp-content\/uploads\/2021\/10\/20211005_150351-300x169.jpg 300w, https:\/\/www.not-tarnow.pl\/wp-content\/uploads\/2021\/10\/20211005_150351-768x432.jpg 768w\" sizes=\"(max-width: 1024px) 100vw, 1024px\" \/><img decoding=\"async\" loading=\"lazy\" class=\"aligncenter size-large wp-image-2715\" src=\"http:\/\/www.not-tarnow.pl\/wp-content\/uploads\/2021\/10\/20211005_150403-1024x576.jpg\" alt=\"\" width=\"1024\" height=\"576\" srcset=\"https:\/\/www.not-tarnow.pl\/wp-content\/uploads\/2021\/10\/20211005_150403-1024x576.jpg 1024w, https:\/\/www.not-tarnow.pl\/wp-content\/uploads\/2021\/10\/20211005_150403-300x169.jpg 300w, https:\/\/www.not-tarnow.pl\/wp-content\/uploads\/2021\/10\/20211005_150403-768x432.jpg 768w\" sizes=\"(max-width: 1024px) 100vw, 1024px\" \/><img decoding=\"async\" loading=\"lazy\" class=\"aligncenter size-large wp-image-2713\" src=\"http:\/\/www.not-tarnow.pl\/wp-content\/uploads\/2021\/10\/20211005_145855-1024x576.jpg\" alt=\"\" width=\"1024\" height=\"576\" srcset=\"https:\/\/www.not-tarnow.pl\/wp-content\/uploads\/2021\/10\/20211005_145855-1024x576.jpg 1024w, https:\/\/www.not-tarnow.pl\/wp-content\/uploads\/2021\/10\/20211005_145855-300x169.jpg 300w, https:\/\/www.not-tarnow.pl\/wp-content\/uploads\/2021\/10\/20211005_145855-768x432.jpg 768w\" sizes=\"(max-width: 1024px) 100vw, 1024px\" \/><\/p>\n","protected":false},"excerpt":{"rendered":"<p>Do wynaj\u0119cia: Sala konferencyjna im. Henryka Ziemnickiego &#8211; II pi\u0119tro, sala 222 sala o pow. 88 m2 na\u00a0 32 osoby<\/p>\n","protected":false},"author":1,"featured_media":0,"parent":934,"menu_order":0,"comment_status":"open","ping_status":"closed","template":"","meta":{"footnotes":""},"_links":{"self":[{"href":"https:\/\/www.not-tarnow.pl\/index.php\/wp-json\/wp\/v2\/pages\/942"}],"collection":[{"href":"https:\/\/www.not-tarnow.pl\/index.php\/wp-json\/wp\/v2\/pages"}],"about":[{"href":"https:\/\/www.not-tarnow.pl\/index.php\/wp-json\/wp\/v2\/types\/page"}],"author":[{"embeddable":true,"href":"https:\/\/www.not-tarnow.pl\/index.php\/wp-json\/wp\/v2\/users\/1"}],"replies":[{"embeddable":true,"href":"https:\/\/www.not-tarnow.pl\/index.php\/wp-json\/wp\/v2\/comments?post=942"}],"version-history":[{"count":15,"href":"https:\/\/www.not-tarnow.pl\/index.php\/wp-json\/wp\/v2\/pages\/942\/revisions"}],"predecessor-version":[{"id":3629,"href":"https:\/\/www.not-tarnow.pl\/index.php\/wp-json\/wp\/v2\/pages\/942\/revisions\/3629"}],"up":[{"embeddable":true,"href":"https:\/\/www.not-tarnow.pl\/index.php\/wp-json\/wp\/v2\/pages\/934"}],"wp:attachment":[{"href":"https:\/\/www.not-tarnow.pl\/index.php\/wp-json\/wp\/v2\/media?parent=942"}],"curies":[{"name":"wp","href":"https:\/\/api.w.org\/{rel}","templated":true}]}}